 - -207. Suppose 3*m - 4*m = 4*f - 100, 3*m - w = -5*f. What is the highest common divisor of f and 130?
26
Suppose 5*h - 7*h = -4. Suppose 2*l = h*m - 18 - 8, -2*l - 6 = 0. Calculate the greatest common divisor of m and 10.
10
Let o be (2 + 7)*6/27. Suppose -3*w + 80 = -j, 3*w - 140 = -o*w - 5*j. Calculate the greatest common divisor of 9 and w.
9
Let m be 2 - 1 - 19*-1. Let l be ((-3)/(-12) - 18/(-8))*24. Calculate the highest common divisor of m and l.
20
Let j = -10 + 15. Suppose 4*o = -4*d + o + 1, -2*o - j = -3*d. Let x(n) = 15*n**2 + 2*n - 1. Let s be x(d). Calculate the highest common divisor of 16 and s.
16
Let x be 1/(-4) - 867/4. Let k = x - -576. Let g be 2/10 - k/(-5). Calculate the greatest common factor of 12 and g.
12
Let q be 51/2 - 2/(-4). Suppose 3*m = q + 1. Let x(n) = 45*n**3 + n**2 - n. Let b be x(1). Calculate the highest common factor of m and b.
9
Let t be ((-1)/(-4))/(2/8). Let c = 5 - t. Let n(m) = m**3 - m**2 - 3*m + 4. Let r be n(c). Calculate the highest common factor of r and 16.
8
Let w = -7 - -11. Calculate the highest common factor of w and 16.
4
Let q(z) = z + 4. Let a be q(2). What is the highest common factor of 24 and a?
6
Let m = -25 + 16. Let q = 6 - m. Let t(g) = 16*g**2 + 3*g + 2. Let y be t(-2). What is the greatest common factor of y and q?
15
Let o(u) = -178*u - 2. Let p be o(-1). Suppose 0 = m + 3*m - p. What is the highest common divisor of m and 4?
4
Let z be (96/(-10))/(3/(-15)). Calculate the greatest common factor of z and 6.
6
Suppose 3 + 14 = d. Suppose h + 81 = 5*q, -5*q + 4*h + 48 + 21 = 0. Calculate the highest common factor of d and q.
17
Let j(b) = 113*b**2 - 1. Let x be j(-1). Calculate the highest common factor of 48 and x.
16
Suppose -5*c + 80 = -0*c. Suppose -5*j + j = -c. Suppose 0 = -5*l + 4*m + 76, -2*l + 0 = 5*m - j. Calculate the highest common factor of l and 84.
12
Let t = -64 + 106. Calculate the greatest common factor of 28 and t.
14
Suppose -2*v - 10 = 3*h - 0*v, -2*v = 2*h + 8. Let u(r) = -62*r - 1. Let z be u(-2). Let y = h + z. Calculate the highest common factor of y and 11.
11
Let q = 6 - 2. Suppose -y + q*y = 264. Suppose y = 6*d - 2*d. What is the greatest common factor of 55 and d?
11
Let l be 14/5 + (-13)/(-65). Let n be -7*((-3)/l - 4). Let b(k) = 5*k**2 - k + 1. Let d be b(1). Calculate the highest common factor of d and n.
5
Let z(b) = -b - 3. Let a be z(-3). Let p be (-8 - (a - 1))*-4. What is the highest common divisor of p and 14?
14
Suppose c - 33 = -3*t + 4*c, 5*c = 4*t - 43. Let u be (2/(-4))/(2/(-384)). Calculate the highest common factor of u and t.
12
Let q be (-1 - 0)*-3 - 0. Suppose q*n = 8*n - 25. Suppose -2*r + r - 94 = -n*t, -r - 37 = -2*t. Calculate the greatest common factor of 190 and t.
19
Let i be (1 - -2)*(-8)/6. Let v be i/(-2) - (9 - 4). Let u be (-3)/(1 + v/2). Calculate the highest common factor of 4 and u.
2
Let m = 66 + -39. Calculate the highest common factor of m and 108.
27
Let k(u) = -u**2 - 5*u + 25. Let b be k(-7). Calculate the highest common factor of 121 and b.
11
Let p be 2 - (2 + -3 + 1). Suppose -p*u = -u - 2. Suppose -u*x - 2 = -6. What is the highest common divisor of 16 and x?
2
Suppose 5*m - 5*y - 250 = 0, -2*m + 41 + 24 = 5*y. What is the highest common divisor of m and 18?
9
Let c be (-2 - -3) + 0 + 2. Suppose 0 = -c*y + 5*y - 390. Suppose 9*d - y = 4*d. Calculate the highest common factor of 13 and d.
13
Let x(p) = -p**3 + 3*p**2 + p + 2. Let o be x(2). Let h be o/3*18/12. Suppose -h*b + b = w + 13, 4*b = -20. Calculate the highest common divisor of 10 and w.
2
Suppose -4*m + 9 = -7, -4*z = 4*m - 2088. Calculate the highest common factor of z and 74.
74
Suppose -f - 3*f = -16, -f = 4*p - 4. Suppose -37 = -2*g + 4*j + 19, -4*g + 4*j + 104 = p. What is the greatest common divisor of 120 and g?
24
Let o = 6 + -3. Let z = 6 - -9. Calculate the highest common factor of o and z.
3
Suppose -2*c = 2*c - 3*u - 17, 2*c - 16 = 4*u. What is the highest common divisor of c and 2?
2
Let y = 16 - -23. What is the highest common factor of 13 and y?
13
Let z be 26*-2*(-6)/8. Calculate the highest common factor of z and 52.
13
Let n = 41 - 33. Calculate the highest common factor of n and 56.
8
Suppose 0*v - 945 = -5*v. What is the greatest common divisor of v and 21?
21
Let a be 2/6 + (-314)/(-3). Suppose -a = f - 4*f. Calculate the greatest common factor of 5 and f.
5
Let p(n) = 32*n**3 - n**2 + 2*n - 1. Let h be p(1). What is the greatest common factor of 4 and h?
4
Suppose 0 = c - 2*c. Suppose c = 5*n - 115 - 25. What is the highest common factor of n and 4?
4
Let c be (3 + 156/8)*2. Let p be 1 - (-25 - (7 - 3)). What is the highest common divisor of p and c?
15
Let t be (-54)/24*(1 + -5). Let m = 186 + -280. Let w = m + 157. Calculate the greatest common divisor of w and t.
9
Suppose -484 = -4*s - 3*p, 632 = 5*s + 5*p + 27. Suppose 5*d - 45 = 2*d. Let y be (-174)/(-15) + (-9)/d. What is the highest common factor of s and y?
11
Let y be (-3)/(-2 - (-261)/132). What is the greatest common divisor of y and 12?
12
Suppose 17 + 13 = 6*h. What is the highest common divisor of h and 35?
5
Let s(v) = 8*v + 1. Let x be s(-2). Let z = x + 36. Calculate the greatest common factor of 14 and z.
7
Suppose 0*f + 12 = 4*f. Suppose 0 = 3*m - 236 + 56. Suppose 4*v - m = -v. Calculate the greatest common divisor of f and v.
3
Let h(o) = -o**3 + o + 132. Let s(p) = 3*p**3 + 5*p**2 + 5 - 6*p**3 + 2*p**3 - p. Let v be s(5). Let y be h(v). What is the highest common divisor of 12 and y?
12
Let o = -7 - -4. Let b be o + 1/(1/22). Suppose 5*j - 680 = -5*p + 2*j, -4*p = 3*j - 547. What is the greatest common divisor of b and p?
19
Suppose 30 - 7 = 3*u - 4*j, 2*j = 5*u - 29. Let m(c) = c + 4. Let y be m(u). Calculate the greatest common factor of y and 27.
9
Suppose 0 = -u - 5*y - 14, -14 = 4*u - 0*y - y. Let k be (2/u)/(12/(-312)). What is the highest common factor of 91 and k?
13
Suppose -3*w - 8 = -w. Suppose 24 = -2*o - 12. Let p = w - o. What is the highest common divisor of 21 and p?
7
Let z be ((-27)/36)/((-1)/(-24)). Let n = z - -42. Suppose 111 = 4*d - 129. Calculate the greatest common divisor of d and n.
12
Suppose -3*c + 5*c - 66 = -4*n, -5*n - c = -75. Let j(o) = o**3 + 34*o**2 + 33*o + 21. Let b be j(-33). What is the highest common factor of n and b?
7
Suppose -311 = -4*n - 59. Calculate the highest common factor of 9 and n.
9
Suppose 0 = -6*o + 141 + 123. Calculate the greatest common divisor of o and 484.
44
Suppose 0 = -2*w, s - 3*w - 1 = -0*w. Let f be (5/10)/(s/24). Calculate the greatest common divisor of f and 12.
12
Let m(n) = -n**2 + 10*n - 9. Let f(y) = -2*y**2 + 21*y - 18. Let a(h) = -3*f(h) + 7*m(h). Let j be a(4). Calculate the greatest common factor of j and 15.
3
Let j be 2*2 - (13 - 16). What is the greatest common divisor of j and 7?
7
Let q(a) = -a**2 + 4*a. Let h be q(3). Suppose 0 = 5*n - 15, 2*u = -2*u + 2*n - 14. Let c = u + h. What is the greatest common factor of 8 and c?
1
Suppose 0 = -7*y + 9*y - 12. Calculate the greatest common divisor of 12 and y.
6
Let t = 6 - 9. Let n(d) be the third derivative of d**5/60 - d**4/24 - d**2. Let h be n(t). Calculate the greatest common factor of h and 12.
12
Let c be (-4*(-2)/(-6))/(1/(-12)). What is the greatest common divisor of 112 and c?
16
Let s be (-2)/(-7) - (-5)/7. Let p be 3 + s + 43 + -3. What is the greatest common divisor of p and 11?
11
Suppose 6 = 5*l - 4. Suppose 5*v - 2*t - 467 = 0, -v + l*t = t - 91. What is the highest common divisor of v and 38?
19
Let x be (-10)/2*(-12)/30. Let o be (24/18)/(x/54). Let a(i) = -i**3 - i**2 + 3*i. Let y be a(-3). Calculate the greatest common factor of o and y.
9
Let v(f) be the first derivative of -f**2/2 + 1. Let b be v(-4). What is the greatest common divisor of b and 4?
4
Suppose 0 = 61*s - 59*s - 160. What is the highest common divisor of 8 and s?
8
Suppose -5*p - 2*k + 131 = -4*k, -129 = -5*p + 3*k. What is the highest common divisor of 3 and p?
3
Suppose -h - 251 = -3*z, 2*z + 3*h - 167 = 4*h. What is the greatest common factor of z and 12?
12
Let l(t) = 2*t - 17. Let k be l(16). Suppose 3*z = k, -6*z + 2*z = -5*y + 5. Calculate the highest common factor of 10 and y.
5
Suppose 2*b + 3*b - 45 = -2*y, 5*y + 5*b = 75. Wh